(-23 - -54) + -26)?
-28
Calculate (3 + -1 - -3) + -29 + (25 - 20).
-19
Calculate -22 - (-13 + 8) - -4 - -12.
-1
Calculate 18 - (4 - 1) - ((-8 - -3) + 11).
9
1642 - 1608 - (45 - 1)
-10
Calculate -11 - (-8 + 3 + 6).
-12
Calculate 1 + -6 + (0 - 13) + (8 - 5).
-15
4 + -10 + (23 - 10) + -8 - 0
-1
What is the value of -18 - -13 - (4 + -1)?
-8
Calculate -1629 + 1621 + (1 - -9).
2
What is -8 + 2 + 26 + 14 + -35 + 35?
34
What is 22 + 0 + (-36 + 26 - 2)?
10
Calculate 6 + (-2 - (-11 + 14)) + 1 + 1.
3
What is the value of 6 - (1 - (-7 - (-2 + 7 + -12)))?
5
4 + (3 - -2 - (-9 - -23) - -7)
2
Calculate -10 + (-1 - (49 + -35)).
-25
(14 - (-29 + 56)) + 17
4
What is -13 - 15 - (0 - (11 - 7))?
-24
What is the value of 63 + -53 + (-4 - 2)?
4
-1 + 9 + 0 + -7 + 11
12
What is the value of 1 - (-13 + (3 - 3 - -8))?
6
What is the value of 41 - ((-9 - -47) + -16)?
19
-11 - ((4 - 10) + 2 - 16)
9
Calculate (-5 - 9) + 9 + 11 + -20.
-14
Calculate 3 + 29 + -1 - (-9 + 13 + 8).
19
What is -21 + (-20 - (-63 + 25))?
-3
What is 23 + (-3 - 6) + -6?
8
Evaluate (28 - 7) + -37 + 28.
12
Evaluate 42 - 43 - (-1 + -1 + 0) - 16.
-15
What is the value of -6 - (0 - (-9 + 16) - (-6 - 1))?
-6
What is the value of (8 - (20 - 11 - (1 - 2))) + 5?
3
Evaluate -10 - (5 + 2 + -13).
-4
-12 - -27 - 36 - -41
20
What is (4 - (7 + 11)) + 14?
0
Calculate 13 + 1 + 0 + 2 + (3 - 6).
13
What is (-37 - 1) + -81 + 102?
-17
What is the value of 5 - (9 + -8 + (-3 - -3))?
4
What is the value of -1 - ((-13 - -7) + 14)?
-9
What is the value of -34 + (2 + 18 - 6)?
-20
What is -7 + 5 + -9 - (-5 + 1 + -3)?
-4
What is (7 + -16 - -8) + -3 + -2?
-6
Evaluate 8 + -10 + 3 + -11 + 19 + 18.
27
What is the value of (0 - (3 - -1)) + 36 + -34 - 2?
-4
Evaluate (7 - 6 - -5) + 1.
7
Evaluate 1 + (-12 - (-12 - 2)).
3
What is the value of (-6 - -3) + -2 + -8 + 5?
-8
2 + 6 + -4 - (-3 - (8 + -4))
11
What is 2 - (18 + -5 + -6) - (-3 + 37)?
-39
Evaluate 10 - (-6 + 7) - 9.
0
Evaluate -11 - -7 - 7 - -3 - 10 - -8.
-10
Evaluate 216 - 221 - (-9 - (-1 - (-2 + 1))).
4
-28 - -5 - (174 + -212)
15
What is -1 + -27 + 6 + -26 + 15?
-33
-34 + 9 + -11 - -11
-25
What is the value of (-6 + 45 - -22) + -34?
27
What is 44 + -15 + -29 + -6 + 0?
-6
What is -2 + (0 - -4) - (-7 + 10 + -8)?
7
What is the value of -2 - (-16 + -17 + 17)?
14
What is the value of 1 + -8 - (-89 + 67 + (-1 - -10))?
6
Evaluate -12 - (-8 + -10) - -4.
10
What is the value of (39 - 42) + (1 - 0 - -10) + -34?
-26
-41 - (11 + -27 - -4) - 0
-29
What is (1 - -6) + (4 - 3)?
8
What is the value of 8 + 9 + -3 + -3 + 4 + -7?
8
-6 + (5 - (3 + -4) - (1 + -3))
2
(17 - 10) + -12 - (1 - 4)
-2
What is (22 - (-9 - -40)) + 8?
-1
Evaluate (-12 - -38) + -13 - 15.
-2
Evaluate 223 - 208 - (11 + -2).
6
What is -9 - (-23 - 0 - -7) - (0 - 19)?
26
Calculate 15 - (18 - (8 + -12)).
-7
Evaluate 24 - ((3 - 14) + 4 + 11 + 5).
15
Calculate -2 + 7 + ((-17 - 2) + 5 - -5).
-4
What is the value of (6 - -1 - 3) + -16 + 13 + -6?
-5
What is the value of -2 + 0 - (-1 + 29 - (325 - 317))?
-22
Evaluate -7 + -12 - 1 - -14.
-6
What is the value of 8 - (-1 + 15 - -5 - (-16 - -10))?
-17
What is 10 - (28 + 1 + -1 - (9 - 8))?
-17
Evaluate -3 + 16 + (8 - 9 - 2).
10
-30 - ((-31 - -46) + -20)
-25
Evaluate 6 + -9 + 3 - (6 + -2).
-4
Evaluate -9 + 12 + 1 - 13.
-9
Evaluate (-6 - -21 - 8 - (2 + 5)) + -15.
-15
Calculate 15 + (-3 - -9 - 7) - (2 + -2).
14
Evaluate 14 - (-5 - -15) - -9.
13
(-12 - (-3 + 29)) + 19
-19
Evaluate (-17 - (-5 - -6)) + 7.
-11
-1 + -1 - 0 - (18 + (-7 - 13))
0
What is the value of 9 - ((5 - -23) + -9 + 3)?
-13
-7 + (16 - 8) + (-14 - (12 + -4))
-21
What is -7 + (-8 - (15 - 11) - 1)?
-20
What is 12 - 0 - (53 + -50)?
9
Evaluate 97 + -118 - (-1 - -1 - -2) - -6.
-17
What is -14 - -51 - -1 - 7?
31
(-3 - (-1 - -2)) + (-97 - -94) + 6
-1
30 + -28 + (3 - 6)
-1
Calculate (-36 - (-27 - -11)) + 23.
3
Calculate 3 + -4 - ((1 - 14) + 5).
7
Evaluate -17 + 4 + (8 - 8) + 1.
-12
What is the value of -14 + 23 + -25 - -12?
-4
Evaluate (-22 - -14) + 14 + 0 + 0 - 19.
-13
(-25 - -40) + (-21 - 3)
-9
Calculate 2 + -6 + 4 + (7 - (6 - 5)).
6
Evaluate -52 + 34 - (2 - 16).
-4
What is the value of 3 - (7 + -20 - -14) - (9 - -1)?
-8
-6 - (12 + -9 + 3 + 1 + -20)
7
Calculate 28 - (7 + (-8 - (6 - -1))) - 2.
34
Calculate 10 - (33 + -36 + 2 + 3).
8
What is -8 - (-1 + (2 - 8 - (-92 + 55)))?
-38
(-4 - (0 + -1)) + -10 + 5 + -7
-15
Evaluate -24 + -2 - -5 - -13.
-8
Calculate 16 + (-9 - (19 + -14)).
2
Evaluate 1 - (14 + 7 + 12 + -13).
-19
Evaluate -9 - (-2 + -9 + 3 + 24).
-25
Calculate (0 - 3) + -208 + 223.
12
Calculate 6 + 3 - (1 - (-6 + 2 + -1)).
3
Evaluate (12 - -16) + -23 - (3 + -1).
3
4 + 13 + (-42 - -38) + (0 - -4)
17
(-2 - 7) + -5 + -8 + 3 + 7
-12
(506 - 524 - (1 - -35)) + 18
-36
1090 - 1134 - (-11 - 1)
-32
21 - ((-6 - -33) + -11)
5
What is the value of (93 - 96) + (-2 + 2 - (-8 - -2))?
3
Evaluate -3 + 31 + (59 - 56).
31
What is the value of 30 + 3 + -31 + 8 + 11?
21
What is the value of (-9 - -36) + -68 + 26?
-15
-33 + 30 + -5 + -22
-30
Evaluate (5 - 12 - 4) + 1 + (31 - 0).
21
What is -28 + 14 + (14 - -12)?
12
Calculate -1 + 15 + -9 + -4.
1
What is 6 + (-12 - -8) + (-3 - -3) + -3?
-1
(-1 - -20 - 44) + 3
-22
434 + -430 - (1 + 10 + 0)
-7
Evaluate -43 - (27 - 31) - -24.
-15
-1 + (0 + -11 - 3)
-15
What is the value of -15 - (3 + 5 + -9 + -2)?
-12
-23 + -1 + (20 - (-16 + 30)) + -3
-21
Evaluate -6 + -4 + (19 - 12) + (-10 - -2).
-11
0 + (-10 - -1) + -15 + 4 + 17
-3
0 + (11 - 1) + -41 + 42 - -5
16
4 + -13 + (2 - -1) + (24 - 27)
-9
What is the value of 0 - (7 + (-7 - -8 - 7)) - -6?
5
What is 31 + (-19 - 12) + 14?
14
Calculate (-5 - (-16 + 7 + -2)) + 3 + -10.
-1
Calculate -11 + 14 - (-87 + 83).
7
What is the value of 7 + (-10 - 5) + -21 + 75 + -10?
36
What is 1 - (-17 + (18 - -1) - 0)?
-1
What is 16 + -2 + -10 - -10?
14
Evaluate -8 - (-5 + 3) - (-6 - 5).
5
16 + -1 - (3 - -3 - (14 + -9))
14
(-35 - -14) + (10 - (-6 - (-8 - 1)))
-14
-7 - -36 - (-8 + 13 + -4)
28
What is the value of -2 + (-27 - (-26 + -16))?
13
What is 2 + 15 - ((15 - 53) + 48)?
7
(-11 - (4 - 4)) + 8 + -1 + -7
-11
Calculate 6 + -9 + 6 - (14 + (-1 - -4)).
-14
(-15 - (-19 - -8)) + 41 + -29
8
What is -3 + 3 + 3 + 9 + (-56 - -54)?
10
What is (3 - -9) + 27 + -36?
3
Evaluate -13 - (-5 - 5 - 1 - 1).
-1
What is 17 - ((8 - -2) + -5) - 7?
5
Calculate -16 - (10 + -13 + (-1 + 6 - 4)).
-14
2 - (-1 - 0) - (76 + -32 + -46)
5
Evaluate 9 - ((-26 - -13) + 15).
7
-22 - (-2 + 7) - -34
7
Evaluate 7 + (19 - (5 + 36)).
-15
What is (16 + -10 - 29) + 16?
-7
Evaluate (-1 + -4 - -4 - -9) + -1.
7
Evaluate (-4 - 12) + (16 - 2).
-2
What is the value of -3 - (-1 - -10 - (-46 + 36))?
-22
What is the value of 18 - (-6 + 24) - 30?
-30
Calculate (-41 - -19 - -56) + -9.
25
Calculate 145 + -174 + (0 - 0 - -1).
-28
Evaluate (15 - 21 - -18) + -3 + -3 + -10.
-4
What is -14 + 17 + 14 + 21 + -12?
26
What is -6 - (-12 - (-21 + 1))?
-14
What is -1 + -17 - (-2 - (-32 - -34))?
-14
-5 - (-37 + (-14 - -2) + 32)
12
Calculate -12 + 3 + -17 + -23 + 32.
-17
-16 + (-7 - (5 + (1 - 5)) - -8)
-16
(-7 - (4 - 2) - -24) + -8 + 0
7
What is (2 - 11) + -1 - (2 - 9) - -16?
13
(2 - 28 - (13 + -8 - 9)) + 5
-17
What is the value of -8 + -8 + 0 + 12 + (9 - 1)?
4
31 - 36 - (-26 + -3 - -8)
16
11 - 1 - (13 - (3 + 4))
4
-126 - -111 - (-3 + 14)
-26
(-4 + (-2 - -5 - 5) - -4) + 10
8
21 - 30 - (1 - 4)
-6
What is (7 + -1 - -7) + -3 - (2 + 4)?
4
What is the value of -1744 - -1744 - (-15 - (-1 - (-1 - 2)))?
17
Calculate -6 + -2 + 8 - 4 - (-4 + 19).
-19
Calculate -31 - (-1 + -8) - -21.
-1
What is -18 + (-7 - 1 - -17) + -4?
-13
What is 8 + -1 + -2 + 10?
15
Evaluate 2 - 6 - (-9 - (-13 + 9) - -5).
-4
Evaluate -70 + 38 + 44 + (16 - 2).
26
What is (-18 - (20 - 34)) + 20?
16
Evaluate (7 - (0 - 2 - (20 - 21))) + 10.
18
Evaluate -14 + (13 - 4) + 0.
-5
7 + -4 + -6 + 1 + -10
-12
-1 - -1 - (-5 + -2)
7
12 + (-20 - -17) + -5
4
What is -5 + -16 + (-5 - -34) - 32?
-24
(-32 - -8 - -9 - -8) + -3
-10
What is -3 - (0 + 7 + -5 + 11) - -2?
-14
Calculate -10 + 35 + -36 + -5.
-16
What is -7 - 2 - (-120 + 110)?
1
Calculate (71 - 71 - (21 - 2)) + 13.
-6
Evaluate 16 - (-19 + 21) - 44.
-30
-14 + 1 + (24 - 12) + -12
-13
(22 - 50) + 98 - 40
30
What is (8 - (-1 + 0)) + (77 - 105)?
-19
Evaluate (-6 + 24 - 7) + (-11 - -5).
5
What is 1 + 0 + -25 + 3 + 1?
-20
4 + 2 - (-4 - -12) - (4 + -3)
-3
Calculate 12 + -39